- ((12 - -2) + -10)?
16
49 + 7 + -66 + 37
27
(-1757 - -1619) + 42 + -12
-108
What is the value of -32 + -23 - (-97 - -52)?
-10
121 + -122 - (1 - 29) - 11
16
18 + (-10 - 13) + -4 + 3 + 0 + -40
-46
(-31 + 0 - (2 + -2)) + -532 + (869 - 343)
-37
(5 - 42 - -38) + 0 + 0 + 36
37
What is 26 + 1 + 1 + (83 - -9 - 71)?
49
Evaluate (49 - 1) + (-18 - -12) - (-140 - -127).
55
Evaluate (-25 + 13 - -50) + (-3 - 7) + (-4 - -4).
28
23 + ((10 - 9 - -1) + -15 - (-15 + 0))
25
Calculate (10 - 32) + 93 - (24 + -21).
68
Calculate (-46 - -7 - (8 + -10)) + -2.
-39
What is the value of -26 - -9 - 0 - -10 - (80 - 1) - -4?
-82
What is -5 + 1 + 43 + -4 + -4 + (12 - 10)?
33
Evaluate -9 - (-63 - -1 - (-38 + (18 - -14))).
47
What is the value of (7 + -2 - -6 - 35) + 10 - -11?
-3
-29 + (-41 - (-11 + -4)) - (14 + -15)
-54
Evaluate -188 - (-47 - (78 + -30)).
-93
(87 - (213 + -144)) + -42 + (-3 - -2)
-25
What is -149 - -397 - 191 - (0 + -1 + 0 + 6)?
52
What is the value of 1 + 5 + 4 + -32 + 2?
-20
What is the value of (159 - 138 - (-2 + -3)) + 8 + -12?
22
Evaluate -1 + (0 - -2) + -9 - (12 - 80 - -14).
46
What is the value of 81 - (85 + (-52 - -59))?
-11
What is the value of (5109 - 5116) + -1 + 20 + (-1 - 1)?
10
What is 0 - 2 - (-10 - 2 - (523 + -497))?
36
1 + -53 - (10647 - 10698)
-1
-3 + (-11 - 20) - -98
64
Calculate (-75 - -47) + 1 + 16 + -2 + -28 + -14.
-55
What is 31 - (12 - ((29 - 17) + -24))?
7
Calculate -3 - (-7 + -5) - (15 + -16 + 10).
0
(2 - -11) + (11 - (-1 - (-9 + -15)) - 106)
-105
What is (-63 - -7) + (-10 - (-4 + -1)) + (3 - 10)?
-68
Evaluate (5 - -4 - 53) + (35 - 50).
-59
What is the value of (3 - 1 - 6) + (13 - -38) + (-43 - 82)?
-78
Calculate (-4 + -16 - -81) + (-13 - -32).
80
Calculate -10 + (21 + -18 - 61) - -18.
-50
What is the value of 117 - 64 - -75 - 133?
-5
What is the value of -2 + (-1830 + 1832 - (0 + 30))?
-30
(6 - 0 - -8) + (9 - (-15 + 1) - -48)
85
0 + 0 + 74 + (93 + 16 - 55 - 46)
82
-55 + (-59 - -157) + 48
91
What is (0 - (9 + -15)) + -1 - (-6 + -9)?
20
Evaluate 20 - 3 - (-13 + 18).
12
Evaluate -66 - (4 - (-4 - -12 - 11) - (-2 + -3)).
-78
(-18 + -53 - 12) + 109
26
132 + -83 + (27 - 0)
76
Evaluate (-2 - 0) + (157 - (-25 - -108)).
72
What is -57 + 29 + 2 + 1 + 7?
-18
89 - (318 - 148) - -203
122
Evaluate -3320 + 3304 - (0 - (74 - 1)).
57
What is 160 - 185 - (-63 - -8)?
30
What is -88 + (-134 - -93) + 222?
93
What is (20 - (-45 + 31)) + -78?
-44
Evaluate 44 - (2 - -7) - (-201 + 179).
57
Evaluate (-5 - -1) + -4 + (-651 - -655).
-4
Evaluate (173 - 77) + -78 - (68 + 0).
-50
-8 + (-1 - 2) + (-264 + 258 - (9 + 2))
-28
Calculate -58 + -143 + -23 + 210.
-14
-61 - (83 + -53 + -67)
-24
-7 + -70 + 11 - (-138 + 124)
-52
Evaluate -38 + -2 + -25 + 26 + (-2 - -10).
-31
What is (119 - (99 + -56)) + 11?
87
145 - 112 - (83 + -38)
-12
Evaluate 123 - ((13 - 10) + 191).
-71
What is the value of -121 - (-2 + -10 + 10 + 21 + 14 + -30)?
-124
What is 16 + (-138 + 80 - -72)?
30
What is the value of -1 - 22 - (-1 + -22 + 61 + -27)?
-34
0 + -2 + -30 - (-34 - (-27 - (-18 + 19)))
-26
-56 + (-16 - -110) + -43
-5
What is the value of -6 + (-14 + -1 + 27 + -10 - (-7 - -83))?
-80
-51 - 1 - (80 + -102)
-30
What is the value of -47 + 31 + (2 - 19) + 7?
-26
Calculate -17 + (16 - -29 - 24).
4
Calculate 38 - (-48 + 58 - 34).
62
Calculate -18 + (18 - 26 - -2) + 20.
-4
What is (-18 - 37 - -76) + -52?
-31
What is -19 + 41 + -16 + -55 + -40?
-89
What is -11 + 2 - (-103 + 86 + 17 + 1) - -16?
6
Evaluate 35 - (-7 - (18 - (12 + 5) - (1 - -5))).
37
Calculate 117 + (-78 - -53) + -32.
60
What is 3 + 60 + -1176 + 1194?
81
What is the value of -1 + (-2 - 0) - (9 + -71 - (-10 - -15))?
64
What is the value of 16 + -50 + 17 + 31 + 6?
20
What is 49 + (-22 - 21) - 27?
-21
Calculate 4 + -10 + 2 + (11 - 12) + -111.
-116
7 + -1 + -2880 + 2825
-49
What is the value of 4 + -58 + (2 - (18 - 10)) - (-46 + 33)?
-47
What is the value of (-1 - -9) + ((-1 - -9) + -20 - -6) - 46?
-44
Calculate -35 + (-53 + 30 - 13).
-71
Calculate -7 + (-1 - (-35 + 12 - 8) - 1).
22
What is the value of (36 - -1) + -588 + 614?
63
-150 + 25 - (-26 - -43 - 33)
-109
What is 42 + 76 - 95 - 115?
-92
What is (-17 - (-1 + -82)) + -36 + -152?
-122
Calculate (73 - 61) + (20 - 39) + -6 + 2.
-11
What is the value of 12 - (-24 - (-17 - -24) - 31)?
74
Evaluate -2 - (-29 - (1 - (2 + (-17 - -5 - 0)))).
38
Calculate -157 + 101 + (6 - 20).
-70
What is the value of 1 + 8 - (67 + (10 - 75))?
7
Calculate 93 + 12 - (-6 - -40 - 9).
80
What is (-23 - -16 - (31 + -35 - (0 - -6))) + 7?
10
What is the value of -1 + (7 - (-16 + 92)) + (8 - -1) + 7?
-54
46 - ((1 - 0) + -18 + -478 + 487)
54
Calculate 439 + -400 + (-5 - -4 - -17) - -6.
61
35 + -29 + (-3 - 110) + -3 + 64 + -62
-108
What is 180 - (182 + (-227 - -143))?
82
Calculate -33 + (-2 - -21) - 10.
-24
What is the value of 0 + (0 - 15) + (8 - -15) + -26 + -60?
-78
Calculate 15 + (8 - 11) + (-2 - (18 + -13)).
5
Evaluate (5 - 74) + (-31 - (7 - 57)).
-50
Calculate (2 + 100 - (-638 + 598)) + -11.
131
What is the value of -15 + -11 + 6 + 81 + -2?
59
Calculate 25 + -14 + 1 - (42 - 25).
-5
Calculate 72 + -84 + (-29 - (5 + -6 + -1)).
-39
Evaluate (-1 - (13 + -2) - (27 + -28)) + -343 + 425.
71
What is the value of 25 + 9 + -26 - -2 - -21?
31
Calculate -5 + (-8 + -10 - -2 - -54) + 1 + -5.
29
What is the value of (-82 + 39 + 28 - (1 + -22)) + -92 + -4?
-90
What is 1 + (-14 - (62 + -40))?
-35
Calculate -2 + 2 + -7 - (-14 + 26 + -16 + 10).
-13
Calculate (173 - 151) + (10 - 6 - 9).
17
(7 - (4 - 0)) + 33 - (457 - 443)
22
What is the value of 0 + 68 + (56 - (147 + -70))?
47
What is the value of 33 + 0 + (-3773 - -3765)?
25
What is the value of 113 - ((219 - 102) + -101)?
97
What is -67 + 7 + -17 + 2 + 7 + -4 + -7?
-79
What is the value of -6 + (-9 + 15 - 43) - 28?
-71
What is the value of -35 + (-11 - 9) + 14 - -29?
-12
What is 6 - (1 - -2 - (-13 + 13 + -2)) - -51?
52
Calculate (85 - 99) + (8 - -9).
3
What is the value of -35 + (175 - 237 - (-40 + 2))?
-59
What is the value of (-22 + 9 - -25) + 0 + -9 - (-144 + 147)?
0
Calculate 16 - ((14 - 3 - -11) + -36 - 18).
48
What is the value of -24 + 20 + 39 + -54 + 9 + -1 + -3?
-14
Calculate -1 + (2 - -20) + -1 + 3 + -6 + -2.
15
What is the value of (26 + (-26 - 6) - (-3 + -1)) + 37?
35
Calculate (-14 + 0 - (-103 + 25 - -45)) + 42.
61
Evaluate 13 + (-12 - ((1 - (13 - 14)) + 0)).
-1
What is the value of (6 - (2 + 4)) + -5 - ((10 - -11) + 7)?
-33
Evaluate -1 + -7 + -4 - (-652 - -612).
28
Evaluate (52 - (15 - 8) - -40) + 33.
118
-100 + (87 - (-13 + 53)) + -39
-92
What is 23 + ((-1 - -19) + -3 - (-93 + 104))?
27
Evaluate 29 + -22 + 24 + -86.
-55
Calculate 30 + 11 + (22 - 80).
-17
What is -93 + -2 + 49 + -256 + 235?
-67
Evaluate -91 + (-10 + 15 - ((-4 - 13) + 9)) + -3.
-81
What is -1159 + 1096 - (3 + -15)?
-51
Calculate -46 - (-78 - (-40 + 23)).
15
Evaluate (0 + 5 - -5) + 9 + -3 + -58 + 12.
-30
What is -3 - 1 - (-7 + -6) - (-101 + 91)?
19
Evaluate -3 + 23 + -18 + 23 + (-6 - -4).
23
Calculate 1 + (3 - 1) + (-15912 - -15987).
78
-3 - (-3 - -11 - 0 - -38) - -9
-40
What is the value of -6 + 2 - -16 - (-29 + 7 + (-29 - -21))?
42
What is the value of -22 + 3 + (8 - (4 - 7)) + 8?
0
Calculate 45 - (-12 + 7 + 22 + -7).
35
What is the value of -9 - (21 + -1 + (4 + 5 - 3))?
-35
-74 - (36 - 84 - -5) - -167
136
What is the value of 85 - (-16 - -34) - (-6 + 2 + 5)?
66
Calculate 1 + -24 + -75 + 97 + (1 + -49 - 0).
-49
What is the value of -9 + (-8 - -9) + 29 - (4 - -4)?
13
-7 + (-46 - -15) - -32
-6
What is the value of (-1 - -2) + (45 + -30 - -28 - 17)?
27
What is (4 - -2 - -17) + 570 + -553?
40
Calculate -1 - -11 - (-7 - (55 - 63)) - (1 + 12).
-4
What is the value of 24 + (5 - (1 - (9 + -14))) + (15 - 5)?
33
What is the value of -67 + (-7 + -2 - -15) - -13 - (-6 + 1)?
-43
Evaluate (1 + -6 - (-18 + (2 - -1)) - 0) + -45.
-35
What is 164 - (-30 + 71) - 51?
72
What is 4 + -2 + -2 + -50 + -41 + 18 + 23?
-50
Evaluate (-40 - (-72 + 58)) + 55.
29
38 + (24 - 8 - -8) + -37
25
Calculate 3 - (8 + (-48 + 49 - -36) + (1 - 3)).
-40
What is (-18 - (-60 + 88)) + 94?
48
What is the value of -30 + (0 - -1) + -127 + (-42 - -162)?
-36
What is -32 - (-37 + -5) - 17 - (-1 - 14)?
8
(-1 - 60) + (-2499 - -2548) + (0 - -157 - 0)
145
Evaluate 76 + (4 - 33 - -19) + -25.
41
What is 237 + -124 + -122 - (3 - (13 + 2))?
3
What is the v